u) is divided by 17.
14
Suppose 3*m - 1947*t - 137 = -1952*t, -m = 2*t - 50. Let v(o) = o - 1. Let x be v(1). What is the remainder when (-69)/(x - 3/2) is divided by m?
22
Suppose 0 = -2*j + 7*j - 795. Suppose -372*u + 2025 = -297*u. Calculate the remainder when j is divided by u.
24
Suppose 0 = -10*x + 8*x + s + 35, -3*s + 39 = 3*x. Suppose -4*b + 196 = -2*b. Let i = b + -69. What is the remainder when i is divided by x?
13
Let r be (-3)/(-1) + 1 + -1. Let t be 10*(-3)/(-18)*3. Suppose 0 = 3*i - 5*m - 7 - 1, 0 = -r*i - t*m - 2. Calculate the remainder when 8 is divided by i.
0
Suppose 185*s + 5*f = 186*s - 78, -302 = -5*s + 3*f. What is the remainder when 2498 is divided by s?
4
Suppose 0*k + 1164 = 10*k + 2*k. Suppose x = -4*q + 39, 181 = 5*x + q + 5. Calculate the remainder when k is divided by x.
27
Let h = -70 + 139. Suppose 4*r - 52 = 45*p - 43*p, r - 4*p - 27 = 0. What is the remainder when h is divided by r?
3
Suppose -5*j - 3*g = -48, 3*j + 4*g - 35 + 15 = 0. Calculate the remainder when 11110 is divided by j.
10
Suppose 0*d = -7*d. Let j be 17/6 - 8/(-48). Suppose 0 = -2*a + j*b - 3, d = -3*a - a - 4*b + 44. What is the remainder when 7 is divided by a?
1
Suppose 4*i + 5*w = 69, 0*w + 45 = 3*i - 3*w. Suppose 4*q - 17 = -3*g - 101, 0 = 3*q - 3*g + 63. Let m = -15 - q. What is the remainder when i is divided by m?
4
Let d = 643 + -369. Let o = d + -196. What is the remainder when o is divided by 16?
14
Suppose -5*i + 20 = 0, 4*i = -322*r + 319*r + 130. What is the remainder when 8662 is divided by r?
36
Suppose 223 = 4*w - 4*k - 1189, -1741 = -5*w - k. Calculate the remainder when w is divided by 3*(-20)/(-36)*21.
34
Let x(h) be the third derivative of -11*h**4/24 - 7*h**2. Suppose -3*b + 3*n + 0 = 9, -15 = -3*n. What is the remainder when x(-1) is divided by b?
1
Suppose 27 = 3*n - 6. Suppose -t - 1501 = -3*i - i, -4*i = 2*t + 3014. What is the remainder when n is divided by (-1)/7 + t/(-245)?
5
Suppose -k + 5 = -0, 5*t = k - 20. Calculate the remainder when 128 is divided by -22*t/6*4.
40
Let b(j) = -j - 8. Let l be b(-18). Suppose 625 = 15*m + l*m. Calculate the remainder when 100 is divided by m.
0
Suppose 0 = 33*u - 41*u + 760. What is the remainder when (115/6 - (-4)/(-6))*20 is divided by u?
85
Suppose -26*r + 0*r - 338 = 0. Let o(l) = 2*l + 42. What is the remainder when o(r) is divided by 8?
0
Let p(o) = -2*o**3 - 4*o + 3. Let f be p(-3). Let x = -173 + 122. Let h = f + x. What is the remainder when 33 is divided by h?
15
Let x(y) = -28*y - 728. Calculate the remainder when 2684 is divided by x(-30).
108
Let n(s) = 5*s + 41. Let g be n(-7). Suppose -g*q + 53 = -331. Calculate the remainder when q is divided by 13.
12
Let b be (-68)/(-14) + (-288)/336. Suppose -5*r = -p - 3*p + 530, -2*r = -b*p + 536. Calculate the remainder when p is divided by 47.
41
Let d = 168 + 170. Let a = d + -164. Calculate the remainder when a is divided by 11.
9
Let m(j) = 2*j**3 - 7*j**2 + 122*j - 803. Let k = -4 - -6. Calculate the remainder when m(6) is divided by k.
1
Suppose 5*w = 5*d + 80, -6*w = -8*w - d + 38. Let n(l) = 8*l**2 + 3*l + 4. What is the remainder when n(-3) is divided by w?
13
Let j(b) = 3*b**2 + 66*b + 460. What is the remainder when 2457 is divided by j(-17)?
202
Let y(z) = 44*z - 146. Let s be y(9). Let p = s + -246. Calculate the remainder when 121 is divided by p.
1
Suppose 6*y - 43 = 29. Calculate the remainder when 88 is divided by (6 - (-3 + y)) + 22.
12
Suppose -55*k - 4057 + 14562 = 0. Let j(q) = -q**2 + 10*q - 1. What is the remainder when k is divided by j(5)?
23
Let z = -502 - -576. Calculate the remainder when 321 is divided by z.
25
Suppose -5 + 33 = 4*s. Suppose -s*x + 728 = 19*x. What is the remainder when 105 is divided by x?
21
Suppose -43*d + 41*d = -g + 65, 3*d + 225 = 4*g. Calculate the remainder when 1203 is divided by g.
30
Suppose -4*i + 0*l = -4*l - 32, 0 = 3*i + 3*l - 48. Suppose 3*j + i - 189 = 0. Let o = 17 + -2. What is the remainder when j is divided by o?
14
Let p = -27025 - -27174. Let n be (-206)/(4*-1 + 2). Suppose -4*u + n = 3. What is the remainder when p is divided by u?
24
Suppose -7*g + 750 = -146. What is the remainder when 316 is divided by g?
60
Suppose 54 - 19 = 7*m. Suppose 4*r - 43 - 41 = -5*j, -5*j = -m*r - 120. Suppose 440 = 5*o - 15. What is the remainder when o is divided by j?
11
Suppose -199 = -2*j + j + 5*v, 4*j = 2*v + 850. Let w = j + -185. Calculate the remainder when 3*(-1)/(-3)*55 is divided by w.
26
Let i be 158/(-1) + 4 + (-6)/1. What is the remainder when ((-4)/6)/((-18)/(-27)) - i is divided by 8?
7
Let j be (7 + -13 - -5) + 883. Let m = -611 + j. Calculate the remainder when m is divided by 39.
37
Suppose -4*h + 3*y - 4 = 0, 14 = -h + 5*y - 4. What is the remainder when 86 is divided by (-24)/14 + h - (-416)/14?
26
Let k = 47 + -43. Suppose -52 = -2*l + k*q + 46, -5*l + 180 = 3*q. Calculate the remainder when l is divided by 20.
19
Let h(i) = -i**3 - 9*i**2 + 50*i + 21. Let w be h(-13). What is the remainder when 438 is divided by (w/(1410/252))/(4/30)?
60
Suppose -4*x + 1576*h = 1571*h - 97, 4*x + 4*h = 52. What is the remainder when 130 is divided by x?
4
Suppose -108 = 4*a - 0*a. Suppose -6*s + 24 = 120. Let x = s - a. What is the remainder when x is divided by 8?
3
Let m = 4362 + -3814. Calculate the remainder when m is divided by 184.
180
Suppose 3*n = r + 882, 4*r + 76 = -4*n + 1268. Suppose 189 = 11*u - n. Calculate the remainder when 2 + 129 - 0/(-4) is divided by u.
43
Suppose 240 + 200 = 4*l. Calculate the remainder when 1208 is divided by l.
108
Let s(q) = -203*q + 424*q + 130 - 202*q. Calculate the remainder when s(0) is divided by 33.
31
Let u(r) = -r**3 + 4*r**2 + 3*r - 7. Let k = -8 - -13. Let p be u(k). Let j = p - -20. Calculate the remainder when 3 is divided by j.
0
Let v = -79 - -96. Calculate the remainder when 45 is divided by 342/15 + 3/(-2 + v).
22
Suppose 121*h + 11*h - 99 = 957. Calculate the remainder when 402 is divided by h.
2
Let m = -63 + 115. Calculate the remainder when m is divided by (-1)/(-3)*0 + 23 + -9.
10
Suppose 5706 = 3*g + 4*h, -266*g - 5706 = -269*g - 2*h. What is the remainder when g is divided by 238?
236
What is the remainder when 28 is divided by ((-135)/18 + 10)*2 + -3?
0
Let r be (-2)/2*5 + 4. Let s(i) = -17*i + 8. What is the remainder when s(r) is divided by 13?
12
Calculate the remainder when 147 is divided by (1 - -22)/(42/(-105) + (-14)/(-10)).
9
Let n = 35 - 3. What is the remainder when 20/(-18) - (568/(-6) + 312/(-702)) is divided by n?
30
Let f be (7 - (-117)/(-18))/(2/32). Suppose -f = -4*o, 3*i - o - 23 = -2*o. Calculate the remainder when 284 is divided by i.
4
Suppose r + 3*u = -3, 0 = 41*r - 43*r - 4*u - 2. Suppose 0 = r*g - 6*i + 3*i - 81, 3*g - 63 = -3*i. What is the remainder when 24 is divided by g?
0
Let x(q) = 172*q**3 - 173*q**3 - 8*q**2 + 6 - 10*q + 5. Let p be x(-6). Let v(y) = 40*y**2 + 2*y - 1. What is the remainder when v(p) is divided by 8?
5
Calculate the remainder when 67 is divided by 10 - (1950/(-5))/15.
31
Suppose 8*q - 26*q = -950 - 6250. Calculate the remainder when q is divided by 20.
0
Let c(f) = -1278*f + 227. Calculate the remainder when c(0) is divided by 21.
17
Let c = 10934 + -10925. Let p(w) = w**2 + 4. Let a be p(0). Suppose -a*r - r + 40 = 0. Calculate the remainder when c is divided by r.
1
Suppose 4*h + 2 = 6*h, 2*z - h - 125 = 0. Suppose -6*m - m = -z. What is the remainder when m is divided by 3?
0
What is the remainder when (-38)/266 - ((-5255)/7)/5 is divided by 130?
20
Suppose 52 = 2*n - 152. What is the remainder when n is divided by ((-70)/(-35) - -12) + (-1 - -1)?
4
Let x(j) = -5*j**2 + 143*j + 24. What is the remainder when x(26) is divided by 332?
30
Let s(q) = q**3 + 6*q**2 - 17*q - 4. Let i be s(-8). What is the remainder when ((-109)/i)/((-29)/116) is divided by 55?
54
Suppose -5*f + 0*f - 168 = -3*o, -f - 214 = -5*o. Calculate the remainder when 6308 is divided by o.
35
Suppose -2*m + g + 3 = 4*g, 0 = -4*m + 5*g + 61. Suppose -m*n + 169 = 34. Let y(p) = 6*p - 11. What is the remainder when y(6) is divided by n?
10
Let k(x) = 13*x - 15*x**2 + 1 + 19 + 40*x**2. Calculate the remainder when k(-4) is divided by 41.
40
Suppose -3*u + 3*c = -12, -197*u + 199*u +